 and r?
10
Let v be ((-10)/6 + 1)*-6. Suppose v = -0*u - 2*u. Let j(h) = -4*h + 2. Let o be j(u). What is the highest common factor of o and 90?
10
Suppose -4*t + 2*b + 80 = 0, 17*b + 2 = t + 12*b. What is the highest common factor of 66 and t?
22
Let d = 35 + -15. Calculate the highest common divisor of d and 100.
20
Suppose -23*w = -28*w + 5. Calculate the highest common divisor of w and 11.
1
Let o be 11/(-2*(-1)/8). Suppose -4*z = -2*p - 44, 0 = 3*z + p + 3*p - o. Let x be (2*1)/(z/18). Calculate the highest common divisor of x and 24.
3
Suppose 0*i + 770 = 5*i. Let o = i - 0. Calculate the greatest common divisor of 14 and o.
14
Let v = 11 + -11. Let f be v + 0 + (51 - 3). Calculate the highest common divisor of 12 and f.
12
Let j(x) = x**2 + 2. Let f(p) = -p**2 + 4*p + 2. Let y be f(5). Let v = -1 - y. Let a be j(v). What is the highest common divisor of a and 6?
6
Suppose 0 = -h - 3*v + 24, 9*v - 4*v = -4*h + 75. Let x be h/(-25) - (-36)/10. What is the greatest common divisor of 2 and x?
1
Suppose 130 = 3*a + 5*i, 0*a + 2*a - 74 = 3*i. Let o(x) = 3*x - 5. Let s be o(5). What is the greatest common factor of s and a?
10
Let d = -29 + 65. Suppose -5*c - 7 + 67 = 0. What is the highest common divisor of d and c?
12
Suppose 3*i - 844 = -4*d, -3*i + 3*d = -7*i + 1137. What is the highest common divisor of 36 and i?
36
Let p be (-352)/56 + (-2)/(-7). Let c = 16 + p. What is the greatest common factor of 10 and c?
10
Suppose 20*v - 14*v - 330 = 0. Calculate the highest common divisor of 11 and v.
11
Let z(j) = 17*j**2 - 1. Let y be z(1). Calculate the highest common factor of 16 and y.
16
Suppose 10 = 2*s, 0*a + s = -5*a + 20. Calculate the highest common factor of a and 27.
3
Let w(z) = 2*z - 7. Let g be w(10). Suppose 4*j + j - 650 = 0. What is the greatest common factor of g and j?
13
Let c = -449 + 684. Calculate the greatest common factor of c and 47.
47
Let s be (60/(-3))/(2/(-4)). Calculate the highest common factor of 100 and s.
20
Let o(h) = 87*h**2 + h. Let u(g) = -g**2 + 3*g - 1. Let k be u(2). Let x be o(k). What is the greatest common factor of 8 and x?
8
Suppose -5*b - 4*h = -117, -4*b + h = -2*h - 106. Let i be (-1)/3 - 80/(-6). Let n = i - 8. Calculate the greatest common factor of n and b.
5
Let s = -79 + 108. Calculate the greatest common factor of 87 and s.
29
Let i = -98 - -118. Calculate the highest common factor of 12 and i.
4
Suppose -12 + 0 = -2*h. What is the highest common factor of h and 15?
3
Let a be (30 + 1)*(1 - 2). Let b = a - -71. Suppose b = 6*g - 2*g. Calculate the greatest common factor of 110 and g.
10
Let i be (-1 - 1/1)*-5. What is the highest common factor of i and 2?
2
Suppose 2 = 6*m - 46. Calculate the greatest common divisor of m and 136.
8
Let p(q) = -q**3 + q**2 + q - 2. Let v be p(-2). What is the greatest common factor of v and 24?
8
Suppose -2*i = 5*h + 17, -2*h = -2*i + h + 23. Suppose 2*w - 28 = 4*z, 0*w + 2*z - 86 = -i*w. What is the greatest common divisor of 30 and w?
10
Let t = -3 - -7. Suppose 25 = 2*w - t*b + 1, 0 = -3*w + 5*b + 31. Suppose -w*s + 3*s - 12 = 0. What is the highest common divisor of 12 and s?
12
Suppose -4*r - 63 = -5*z, -2*r - 4*z - 30 = -6*z. Let d be (-43)/(-4) - 3/r. Let l be (25/(-10))/((-2)/88). Calculate the highest common factor of l and d.
11
Let a be (-1 + -3)*(-4)/16*25. What is the greatest common factor of 175 and a?
25
Suppose 4*c - 14 = 14. Let t be c + -2 + 0/(-2). What is the greatest common factor of t and 5?
5
Let z be (18/8)/(6/16). Let i = -20 + 32. Calculate the greatest common divisor of i and z.
6
Let l = -5 + 15. Let y = 15 - l. What is the highest common factor of 45 and y?
5
Suppose 0*h - 7 = -h + c, 2*h + 3*c - 39 = 0. Let a(o) = o**2 - 14*o + 27. Let v be a(12). Calculate the greatest common factor of h and v.
3
Let n = 717 - 487. What is the greatest common factor of n and 46?
46
Let d(h) = 14*h**2 + 2*h + 3. Let u be d(-2). What is the highest common factor of 11 and u?
11
Let m(j) = j**3 + 6*j**2 + 6*j + 2. Let v be m(-5). Let z be (-1 + 0)*v - -19. Calculate the highest common divisor of z and 44.
22
Suppose -5*m = 4*c - 97, 3*c + 5*m + 15 - 94 = 0. Calculate the highest common divisor of 144 and c.
18
Let x = 7 - 4. Suppose -x*b = 6, 5*d - 20 = -5*b - 5. What is the highest common factor of d and 2?
1
Suppose q + q = 5*l + 12, 3*l + 32 = -5*q. Let h = -3 - l. Let o be 150/4*(h + 1). What is the highest common divisor of 30 and o?
15
Suppose 24 = l - 5*l. Let f be (-3)/l - 15/(-6). Calculate the highest common factor of 15 and f.
3
Suppose 0 = 2*a + 5*n - 22, -5*a = -4*a + n - 5. Suppose 0 = 4*u - 4*x - 36, 0*u = u - 5*x - 29. What is the highest common divisor of u and a?
1
Let u be (5 + -2)/((-9)/(-6)). Suppose 4*b = 2*y - y + 437, -5*b = u*y - 556. Calculate the greatest common divisor of 44 and b.
22
Let d(z) = -z + 1. Let q = -8 - -5. Let i be d(q). Let o = 15 + -7. Calculate the highest common divisor of o and i.
4
Let w(o) = 2*o**2 + 4*o + 17. Let k be w(-7). Calculate the highest common factor of k and 58.
29
Suppose 0 = -h + 1, 5*h + 2 = -3*w + 19. Suppose -3*n - w*y = -4*n + 42, 5*n = -y + 126. Calculate the greatest common factor of n and 286.
26
Suppose 80 - 3 = f. Let y = -39 - -76. Let n = -26 + y. What is the greatest common factor of f and n?
11
Let w(a) = -a**3 - a**2. Let n be w(-2). Let q = -112 - -116. Suppose -5 = -n*s + 3*c + 138, -q*s + 4*c = -148. What is the greatest common divisor of s and 8?
8
Let o be ((-44)/16 - -1)*-92. Suppose w = 5*h + 28 - 429, 2*h - w = o. Suppose 95 = 4*d + 3*c - 45, 0 = -3*c + 12. What is the highest common factor of d and h?
16
Suppose -2*v + 5*t - 434 = 0, 3*v + t + 414 = -254. Let r be (-2)/7 - v/42. What is the highest common factor of 1 and r?
1
Suppose -3*d = -i + 73, 212 = 7*i - 4*i - 2*d. What is the greatest common divisor of 20 and i?
10
Let i be (0 + -2)/(7 + -9). Suppose 5*g + 4*r - 21 = 14, -g + 26 = -3*r. Calculate the greatest common divisor of g and i.
1
Let w(k) = -3*k - 17. Let u be w(-15). Calculate the highest common factor of 42 and u.
14
Suppose -3*v + k + 78 = 2*v, -4*v + k + 62 = 0. Calculate the highest common divisor of v and 112.
16
Let w = 7 + 95. What is the highest common divisor of 17 and w?
17
Suppose 0 = 4*s + 2 - 10. Let m = -2 - -5. Suppose -105 = -m*h + s*h. Calculate the highest common factor of 15 and h.
15
Let j = -7 - -42. What is the greatest common divisor of j and 5?
5
Let t be (-10)/(-1 - 3/(-9)). Suppose 36 = -13*y + t*y. Calculate the greatest common divisor of y and 2.
2
Let w = -15 + 19. Calculate the highest common divisor of w and 2.
2
Let t = 38 + -18. Calculate the greatest common factor of 4 and t.
4
Suppose 0*m + 6 = 2*m, -5*m = 4*z - 63. Let p be ((-132)/10)/(1/(-10)). What is the highest common divisor of p and z?
12
Suppose -h + 4*j = -0*j - 114, -5*h + 627 = -j. Suppose 5*p - h = 124. Suppose -a = -2*a + 20. What is the highest common factor of p and a?
10
Let h be (5 + 87/9)/(4/6). What is the highest common divisor of h and 176?
22
Suppose 4*v = 3*v - 9. Let n = 23 + v. Let j = 13 - -8. Calculate the greatest common factor of j and n.
7
Let f(l) = -2*l**3 + 39*l**2 + 22*l + 16. Let n be f(20). What is the highest common factor of 42 and n?
14
Suppose 4*a + 94 = 5*l - 233, -2*l + 123 = a. Calculate the highest common divisor of l and 9.
9
Let v = -73 - -95. Calculate the greatest common divisor of v and 132.
22
Suppose 3*w + 3*a = 51, -7*w + 2*w + 4*a = -49. What is the highest common factor of w and 91?
13
Let c be (-6)/(-15) + (-126)/(-10). Let m = 29 + -3. What is the highest common divisor of m and c?
13
Let a be (-4)/(-10) - 56/(-10). Let k be 14*(-6)/(-2 - 0). Let c = k - 30. What is the highest common divisor of c and a?
6
Suppose -5*v = -2*t - 3348, v - 664 = -0*v - t. Let p be v/14 + 8/28. What is the highest common divisor of 6 and p?
6
Suppose 3*q + 0*q = -9. Let h = q + 2. Let z(j) = 6*j**2 + 1. Let c be z(h). What is the greatest common factor of c and 56?
7
Suppose 5*w - 140 = -l, 3*w - 354 - 42 = -3*l. What is the greatest common factor of l and 13?
13
Suppose 12 + 6 = 2*p. What is the highest common divisor of p and 18?
9
Suppose -7*u = -2*u - o - 42, -38 = -4*u + 3*o. What is the greatest common factor of u